{"id":597,"date":"2023-05-01T19:58:01","date_gmt":"2023-05-01T19:58:01","guid":{"rendered":"https:\/\/aaromania.org.ro\/muntenia\/?page_id=597"},"modified":"2023-05-01T19:58:01","modified_gmt":"2023-05-01T19:58:01","slug":"unitate","status":"publish","type":"page","link":"https:\/\/aaromania.org.ro\/muntenia\/unitate\/","title":{"rendered":"Unitate"},"content":{"rendered":"\n<p>Unitatea ne-a oferit o comunitate minunat\u0103 format\u0103 din oameni care \u00ee\u0219i \u00eemp\u0103rt\u0103\u0219esc problema comun\u0103; care ne ofer\u0103 dragostea \u0219i sprijinul necesar pentru a ne men\u021bine abstinen\u021ba, sobrietatea. Cele 12 tradi\u021bii ale AA prezint\u0103 principiile care sus\u021bin unitatea comunit\u0103\u021bii AA pornind de la nivel de grup. <\/p>\n\n\n\n<figure class=\"wp-block-pullquote\"><blockquote><p>\u201dCele 12 Tradi\u021bii ale AA se aplic\u0103 vie\u021bii Fr\u0103\u021biei \u00een sine. Ele subliniaz\u0103 mijloacele prin care AA \u00ee\u0219i men\u021bine unitatea \u0219i \u00een acela\u0219i timp prin care rela\u021bioneaz\u0103 cu lumea&#8230; comunic\u00e2nd despre ea, felul \u00een care comunitatea tr\u0103ie\u0219te \u0219i cre\u0219te.\u201d <br>Bill W co-fondator AA.<\/p><\/blockquote><\/figure>\n","protected":false},"excerpt":{"rendered":"<p>Unitatea ne-a oferit o comunitate minunat\u0103 format\u0103 din oameni care \u00ee\u0219i \u00eemp\u0103rt\u0103\u0219esc problema comun\u0103; care ne ofer\u0103 dragostea \u0219i sprijinul necesar pentru a ne men\u021bine abstinen\u021ba, sobrietatea. Cele 12 tradi\u021bii ale AA prezint\u0103 principiile care sus\u021bin unitatea comunit\u0103\u021bii AA pornind de la nivel de grup. \u201dCele 12 Tradi\u021bii ale AA se aplic\u0103 vie\u021bii Fr\u0103\u021biei \u00een [&hellip;]<\/p>\n","protected":false},"author":1,"featured_media":0,"parent":0,"menu_order":0,"comment_status":"closed","ping_status":"closed","template":"","meta":{"footnotes":""},"class_list":["post-597","page","type-page","status-publish","hentry"],"_links":{"self":[{"href":"https:\/\/aaromania.org.ro\/muntenia\/wp-json\/wp\/v2\/pages\/597","targetHints":{"allow":["GET"]}}],"collection":[{"href":"https:\/\/aaromania.org.ro\/muntenia\/wp-json\/wp\/v2\/pages"}],"about":[{"href":"https:\/\/aaromania.org.ro\/muntenia\/wp-json\/wp\/v2\/types\/page"}],"author":[{"embeddable":true,"href":"https:\/\/aaromania.org.ro\/muntenia\/wp-json\/wp\/v2\/users\/1"}],"replies":[{"embeddable":true,"href":"https:\/\/aaromania.org.ro\/muntenia\/wp-json\/wp\/v2\/comments?post=597"}],"version-history":[{"count":1,"href":"https:\/\/aaromania.org.ro\/muntenia\/wp-json\/wp\/v2\/pages\/597\/revisions"}],"predecessor-version":[{"id":598,"href":"https:\/\/aaromania.org.ro\/muntenia\/wp-json\/wp\/v2\/pages\/597\/revisions\/598"}],"wp:attachment":[{"href":"https:\/\/aaromania.org.ro\/muntenia\/wp-json\/wp\/v2\/media?parent=597"}],"curies":[{"name":"wp","href":"https:\/\/api.w.org\/{rel}","templated":true}]}}